5*q, 0 = -2*w - q + 3. Suppose -w = -2*f - 0. Suppose z + f - 2 = 0, 4*u - 5*z = 55. What is the highest common divisor of 165 and u?
15
Let n = -241 + 416. What is the highest common factor of n and 25?
25
Let v(a) = 3*a**2 - 5*a + 2. Let y be v(-5). What is the greatest common factor of y and 68?
34
Suppose 0*r - 2*h = r - 35, -h = 5. Suppose 3*k + 7 = -4*x, 0 = -x - 2*x - k + 1. Suppose a + x*a - 27 = 0. Calculate the greatest common divisor of r and a.
9
Let d be -1*(5*-3 - 1). Suppose 11 = 4*l + 3. Let i = d - l. What is the highest common factor of 21 and i?
7
Suppose 12 + 3 = 5*a. Let t(z) = -z**3 + 3*z**2 + 3. Let h be t(a). Calculate the highest common factor of h and 27.
3
Suppose 3*b - 5*w = -22, 0*b + 4*b - 29 = -5*w. Let v = -12 + 20. Calculate the highest common divisor of b and v.
1
Let f(u) = 36*u + 6. Let d be f(4). Calculate the highest common divisor of d and 60.
30
Suppose 6*l = l + 30. Let v = -195 - -331. Let n = v - 82. Calculate the greatest common factor of l and n.
6
Let w = 6 + -2. Suppose -5*o = -2*o - 15. Suppose 0 = -o*y - 0*y + 20. What is the greatest common factor of w and y?
4
Let c(g) = 9*g + 2. Let w(x) = -2*x. Let v be w(-1). Let b be c(v). What is the greatest common factor of 10 and b?
10
Let c(i) = 124*i - 1. Let t be c(-1). Let v be t/20*(-8)/2. Suppose 0 = 3*x - 37 + 7. Calculate the highest common factor of v and x.
5
Let w(r) = -3*r - 1. Let u be w(1). Let s = 8 + u. Calculate the highest common divisor of s and 10.
2
Let v = 53 + -49. Suppose 0*x - 3*x = 0. Suppose 0 = f - 2*i - 0*i - 18, 2*f - 2*i - 38 = x. Calculate the greatest common divisor of f and v.
4
Suppose q + 5*w + 14 = 0, -q + 2*w = -w + 22. Let u = 43 + q. Suppose a - 4*a = -u. What is the greatest common divisor of 8 and a?
8
Let j = 89 + -45. Suppose 4*z + 1 = 21. Let f be (z/(10/(-8)))/(-1). What is the highest common factor of j and f?
4
Let z = 91 + -55. Calculate the greatest common divisor of 252 and z.
36
Let f be -4*(3/(-2) - -1). Let m be 2 + -2 + f + 378. Let n = -233 + m. Calculate the greatest common divisor of n and 21.
21
Let a = -5 - -38. Let j be a/(-9) + (-1)/3. Let c = 12 - j. What is the highest common factor of c and 24?
8
Let q(m) = -7*m + 1. Let n be q(3). Let l be (-1)/1*n/4. What is the greatest common factor of l and 15?
5
Suppose 0 = -10*n + 9*n + 13. What is the greatest common factor of n and 26?
13
Let q be (1 + -13)/(3/(-14)). What is the greatest common divisor of q and 24?
8
Let j be 1 + -4 - 3/((-6)/8). What is the highest common divisor of 9 and j?
1
Let j be ((-51)/(-21) + -1)/(3/21). What is the highest common divisor of 20 and j?
10
Suppose -3*z + 152 = 2*r, 4*z + 7*r = 3*r + 208. Calculate the highest common divisor of z and 60.
12
Let y = -58 + 250. Let s(h) = h**3 + 7*h**2 + 4*h. Let k be s(-3). Calculate the highest common divisor of y and k.
24
Suppose 2*g - 3*l - 12 = 0, 0 = -4*g + 2*l - l + 24. Let m be (0 + g/2)*36. Let u be (-366)/(-30) + 2/(-10). What is the greatest common factor of u and m?
12
Suppose -2*k + 4*k - 110 = 0. What is the greatest common divisor of k and 11?
11
Let f = 2 - -1. Suppose -n + 64 = f*n. Let u = 16 + 8. Calculate the highest common factor of u and n.
8
Let k(i) = i**2 - 3*i + 16. Let d be k(5). Calculate the greatest common factor of d and 130.
26
Suppose -5*l + 3*x = -10, 3*l + 16 + 2 = -3*x. Let t be l/3 - 13/(-3). Let k = -23 - -35. What is the highest common divisor of t and k?
4
Suppose 9 - 21 = 3*c. Let h(a) = a**3 + 5*a**2 + 3*a - 1. Let d be h(c). Calculate the highest common divisor of d and 2.
1
Suppose 3*c + 330 = 63. Let b(r) = -141*r**3 + r**2 - 1. Let k be b(1). Let y = c - k. Calculate the highest common factor of 13 and y.
13
Let u = 8 - 4. Suppose -u*o + 4 = r - 5, 0 = 4*o + 4. Calculate the highest common factor of 130 and r.
13
Suppose -5*k - 53 = -4*c + c, 3*c - 47 = -k. What is the highest common factor of 40 and c?
8
Let h be (-1)/1 - (-49 + 0). Suppose 0 = -3*l - 3*x + h, -4*x - 1 = -2*l + 1. Suppose -3*m + 7 + l = 0. Calculate the highest common factor of m and 24.
6
Suppose -c - 2*c + 5*b = -24, 3*c + 2*b = 24. Suppose 2*t + 4*v + c = 6*t, v = 3*t - 6. Calculate the greatest common divisor of t and 2.
2
Let d = 61 + -43. Let u = d - 15. What is the greatest common factor of 21 and u?
3
Let f(s) = -s**3 - 15*s**2 + 2*s - 4. Let d be f(-9). Let t = d + 264. Let k be (0 - 1) + t/(-2). What is the highest common divisor of k and 11?
11
Let n(x) = x**2 + 4*x + 5. Let d be n(-4). Let s be 1/d - (-96)/20. Calculate the highest common factor of 1 and s.
1
Let q(i) be the first derivative of -i**3/3 - 11*i**2/2 + i - 4. Let y be q(-11). Calculate the highest common factor of y and 8.
1
Let l be 15/3*(-1 + 0). Let z(k) = k**2 + 4*k + 1. Let d be z(l). Calculate the greatest common factor of d and 6.
6
Let s be (7 + 5)*(-3)/(-2). Let n = -12 + s. Calculate the greatest common factor of n and 4.
2
Let n(c) = 4 + 4 - 2 + 1 + c. Let x be n(-6). Calculate the highest common divisor of x and 11.
1
Suppose 4*j + s = -s - 8, 0 = -5*j - 3*s - 12. Let f = j + 3. Suppose l + 2*l - 3*t - 18 = 0, -6 = -f*t. Calculate the greatest common divisor of l and 32.
8
Suppose -2*i - 8 = -10. Calculate the greatest common factor of 3 and i.
1
Let n(m) = -m + 7. Let z be n(3). Let y be (1 - z/2)*-10. Let w(k) = -k**3 + 6*k**2 - 6*k + 7. Let a be w(5). What is the greatest common divisor of a and y?
2
Let y(k) = 5*k**2 + 4. Let x be y(-3). Let l = x - 25. What is the highest common factor of 264 and l?
24
Suppose -3*r + 34 = -14. Suppose 5*s + r = 71. What is the greatest common divisor of 99 and s?
11
Let n(y) = y**3 + 14*y**2 + 24*y + 30. Let g be n(-12). What is the highest common factor of 30 and g?
30
Let x(k) = -27*k - 73. Let b be x(-9). What is the greatest common divisor of 34 and b?
34
Let k = 79 - -26. What is the highest common divisor of 15 and k?
15
Suppose -5*u = 5*x - 115, -4*u - 5*x + 91 = -5. What is the greatest common factor of 209 and u?
19
Let u(k) = 6*k**2 + 3*k + 1. Suppose 1 = 5*w + 11. Let t be u(w). Suppose 0 = -2*j + 4 + 110. Calculate the greatest common factor of t and j.
19
Let u = 591 - 579. Suppose -67 = -3*z + 221. What is the greatest common factor of z and u?
12
Suppose -5*f + 3*f = -k + 10, -2*f = 0. Let w = 51 - 0. Let v = w + -31. What is the highest common factor of v and k?
10
Let w be 1 - 4/1 - -11. Suppose -w = -4*i + 5*b + 80, -3*b = 12. Let z = 149 + -64. What is the greatest common factor of i and z?
17
Let p = -4 - -9. Suppose -p*u - 920 = 4*f, u + 0*f = 5*f - 213. Let t be (-4)/(-12) - u/3. Calculate the highest common divisor of 9 and t.
9
Let d be 4/(-18) + 222/27. Let v be (4/d)/(1/2). Suppose 0 = -4*m + 3*a + 31, 5*a + 3 + 30 = 4*m. Calculate the greatest common divisor of v and m.
1
Suppose 25 = -2*s + 7*s. What is the highest common divisor of 40 and s?
5
Let p be (-3)/((-6)/(-16)) - 2. Let n(x) = -4*x + 4. Let i be n(5). Let y = p - i. What is the greatest common divisor of y and 66?
6
Let o be -2 - (-2)/2 - -4. Suppose -4*v + 32 = m - 0*m, 2*v - o*m = 2. Calculate the greatest common divisor of 21 and v.
7
Let j(u) = u**3 + u + 30. Let i be j(0). Let c = i - 21. What is the greatest common divisor of 3 and c?
3
Suppose -3*d + 2*d + 112 = 0. Let t = -58 + d. Let m(s) = s + 36. Let h be m(0). Calculate the greatest common divisor of t and h.
18
Suppose i = 4*f - 9*f + 35, 70 = 5*i + 4*f. What is the highest common factor of i and 110?
10
Let n(k) = 6*k - 1. Let u be n(6). Suppose -3*t = -u - 28. Suppose -2*h - h = -21. What is the greatest common divisor of h and t?
7
Suppose -5*q + 7 = 2. Let n = 15 + q. What is the greatest common divisor of 80 and n?
16
Let t = 49 - 5. Calculate the highest common divisor of t and 11.
11
Let v = 196 + -105. What is the highest common divisor of 13 and v?
13
Let p be (-6 - -1)*(-784)/80. What is the highest common factor of 7 and p?
7
Suppose 0*h + 4*o - 8 = -4*h, -3*h + 22 = -5*o. Suppose 0*g - 4 = -h*g. What is the greatest common factor of g and 4?
1
Let q = -15 + 40. Suppose 3*j - q = 14. Calculate the greatest common factor of j and 26.
13
Let v = -130 - -176. Calculate the greatest common factor of 69 and v.
23
Let j(r) = -25*r - 2. Let o be j(-8). What is the highest comm